{"id":61,"date":"2021-09-30T22:23:46","date_gmt":"2021-09-30T22:23:46","guid":{"rendered":"https:\/\/webredox.net\/demo\/wp\/bauen\/light\/multi\/demo1\/?page_id=61"},"modified":"2023-05-19T08:56:42","modified_gmt":"2023-05-19T06:56:42","slug":"services","status":"publish","type":"page","link":"https:\/\/arohgroupe.com\/?page_id=61","title":{"rendered":"NOS MARQUES"},"content":{"rendered":"\t\t<div data-elementor-type=\"wp-page\" data-elementor-id=\"61\" class=\"elementor elementor-61\">\n\t\t\t\t\t\t\t\t\t<div class=\"elementor-section elementor-inner-section elementor-element elementor-element-ac39af3 elementor-section-boxed elementor-section-height-default elementor-section-height-default\" data-id=\"ac39af3\" data-element_type=\"section\" data-settings=\"{&quot;background_background&quot;:&quot;slideshow&quot;,&quot;background_slideshow_gallery&quot;:[],&quot;background_slideshow_loop&quot;:&quot;yes&quot;,&quot;background_slideshow_slide_duration&quot;:5000,&quot;background_slideshow_slide_transition&quot;:&quot;fade&quot;,&quot;background_slideshow_transition_duration&quot;:500}\">\n\t\t\t\t\t\t\t<div class=\"elementor-background-overlay\"><\/div>\n\t\t\t\t\t\t\t<div class=\"elementor-container elementor-column-gap-default\">\n\t\t\t\t\t<div class=\"elementor-column elementor-col-100 elementor-inner-column elementor-element elementor-element-cc6f46b\" data-id=\"cc6f46b\" data-element_type=\"column\">\n\t\t\t<div class=\"elementor-widget-wrap elementor-element-populated\">\n\t\t\t\t\t\t\t\t<div class=\"elementor-element elementor-element-cdfa555 elementor-widget elementor-widget-bauen-title\" data-id=\"cdfa555\" data-element_type=\"widget\" data-widget_type=\"bauen-title.default\">\n\t\t\t\t<div class=\"elementor-widget-container\">\n\t\t\t\t\t\n\t\t\t\n\t\t\t\t\t\t<h2 class=\"section-title text-left\">AROH GROUPE<\/h2>\n\t\t\t\t\n\t\t\t\t\n        \n\t\t\t\n        \t\t<\/div>\n\t\t\t\t<\/div>\n\t\t\t\t<div class=\"elementor-element elementor-element-27293a4 elementor-widget elementor-widget-bauen-title\" data-id=\"27293a4\" data-element_type=\"widget\" data-widget_type=\"bauen-title.default\">\n\t\t\t\t<div class=\"elementor-widget-container\">\n\t\t\t\t\t\n\t\t\t\n\t\t\t\t\t\t<h2 class=\"section-title text-left\">LES MARQUES DU GROUPE<\/h2>\n\t\t\t\t\n\t\t\t\t\n        \n\t\t\t\n        \t\t<\/div>\n\t\t\t\t<\/div>\n\t\t\t\t\t<\/div>\n\t\t<\/div>\n\t\t\t\t\t\t\t<\/div>\n\t\t<\/div>\n\t\t\t\t<section class=\"elementor-section elementor-top-section elementor-element elementor-element-623d3a2 elementor-section-boxed elementor-section-height-default elementor-section-height-default\" data-id=\"623d3a2\" data-element_type=\"section\" data-settings=\"{&quot;background_background&quot;:&quot;classic&quot;}\">\n\t\t\t\t\t\t<div class=\"elementor-container elementor-column-gap-default\">\n\t\t\t\t\t<div class=\"elementor-column elementor-col-33 elementor-top-column elementor-element elementor-element-4796635\" data-id=\"4796635\" data-element_type=\"column\">\n\t\t\t<div class=\"elementor-widget-wrap elementor-element-populated\">\n\t\t\t\t\t\t\t\t<div class=\"elementor-element elementor-element-6df7914 elementor-widget elementor-widget-global elementor-global-1915 elementor-widget-bauen-services\" data-id=\"6df7914\" data-element_type=\"widget\" data-widget_type=\"bauen-services.default\">\n\t\t\t\t<div class=\"elementor-widget-container\">\n\t\t\t\n\t\t<div class=\"sec-services services\">\t\t\n\t\t\t<div class=\"item\">\n\t\t\t    \t\n                    \t\t\t\t\t    <img decoding=\"async\" src=\"http:\/\/arohgroupe.com\/wp-content\/uploads\/2022\/12\/AROH-EXECUTIVE-logo-seul.png\" alt=\"icon-1\"> \n\t\t\t\t\t\t\n\t\t\t\t\t\t\t\t\t\t<h5>AROH EXECUTIVE<\/h5>\n\t\t\t\t\t\t\n\t\t\t\t\t<div class=\"line\"><\/div>\n\t\t\t\t\t\t\t\t\t\t<p><p style=\"text-align: justify;\"><span style=\"color: #000000;\">AROH EXECUTIVE est notre marque d\u00e9di\u00e9e au recrutement de profils cadres dirigeants et hauts potentiels.<\/span><\/p><p>\u00a0<\/p><p><em><span style=\"color: #000000;\"><a style=\"color: #000000;\" href=\"http:\/\/www.arohexecutive.com\">www.arohexecutive.com<\/a><\/span><\/em><\/p><\/p>\n\t\t\t\t\t\t\n\t\t\t\t\t\t\t\t\t\t<div class=\"numb\">01<\/div>\n\t\t\t\t\t\t\t\t\t\t\n\t\t\t\t\t\n\t\t\t<\/div>\t\n\t\t<\/div>\t\t\n\n        \t\t<\/div>\n\t\t\t\t<\/div>\n\t\t\t\t<div class=\"elementor-element elementor-element-fb63fa0 elementor-widget elementor-widget-bauen-services\" data-id=\"fb63fa0\" data-element_type=\"widget\" data-widget_type=\"bauen-services.default\">\n\t\t\t\t<div class=\"elementor-widget-container\">\n\t\t\t\n\t\t<div class=\"sec-services services\">\t\t\n\t\t\t<div class=\"item\">\n\t\t\t    \t\n                    \t\t\t\t\t    <img decoding=\"async\" src=\"http:\/\/arohgroupe.com\/wp-content\/uploads\/2022\/12\/Icone2.png\" alt=\"icon-4\"> \n\t\t\t\t\t\t\n\t\t\t\t\t\t\t\t\t\t<h5>DPM & ASSOCI\u00c9S<\/h5>\n\t\t\t\t\t\t\n\t\t\t\t\t<div class=\"line\"><\/div>\n\t\t\t\t\t\t\t\t\t\t<p><p style=\"text-align: justify;\"><span style=\"color: #000000;\">DPM &amp; ASSOCI\u00c9S est notre marque d\u00e9di\u00e9e au conseil en Fusion &amp; Acquisition.<\/span><\/p><p style=\"text-align: justify;\"><em><span style=\"color: #000000;\"><a style=\"color: #000000;\" href=\"http:\/\/www.dpmassocies.com\">www.dpmassocies.com<\/a><\/span><\/em><\/p><\/p>\n\t\t\t\t\t\t\n\t\t\t\t\t\t\t\t\t\t<div class=\"numb\">04<\/div>\n\t\t\t\t\t\t\t\t\t\t\n\t\t\t\t\t\n\t\t\t<\/div>\t\n\t\t<\/div>\t\t\n\n        \t\t<\/div>\n\t\t\t\t<\/div>\n\t\t\t\t\t<\/div>\n\t\t<\/div>\n\t\t\t\t<div class=\"elementor-column elementor-col-33 elementor-top-column elementor-element elementor-element-990eac8\" data-id=\"990eac8\" data-element_type=\"column\">\n\t\t\t<div class=\"elementor-widget-wrap elementor-element-populated\">\n\t\t\t\t\t\t\t\t<div class=\"elementor-element elementor-element-25979fa elementor-widget elementor-widget-bauen-services\" data-id=\"25979fa\" data-element_type=\"widget\" data-widget_type=\"bauen-services.default\">\n\t\t\t\t<div class=\"elementor-widget-container\">\n\t\t\t\n\t\t<div class=\"sec-services services\">\t\t\n\t\t\t<div class=\"item\">\n\t\t\t    \t\n                    \t\t\t\t\t    <img decoding=\"async\" src=\"http:\/\/arohgroupe.com\/wp-content\/uploads\/2022\/12\/AROH-CONSEIL-logo-seul.png\" alt=\"icon-2\"> \n\t\t\t\t\t\t\n\t\t\t\t\t\t\t\t\t\t<h5>AROH CONSEIL<\/h5>\n\t\t\t\t\t\t\n\t\t\t\t\t<div class=\"line\"><\/div>\n\t\t\t\t\t\t\t\t\t\t<p><p style=\"text-align: justify;\"><span style=\"color: #000000;\">AROH CONSEIL est notre marque d\u00e9di\u00e9e au recrutement par \u00ab approche directe \u00bb.<\/span><\/p><p>\u00a0<\/p><p style=\"text-align: justify;\"><em><span style=\"color: #000000;\"><a style=\"color: #000000;\" href=\"http:\/\/www.arohconseil.com\">www.arohconseil.com\u00a0<\/a><\/span><\/em><\/p><\/p>\n\t\t\t\t\t\t\n\t\t\t\t\t\t\t\t\t\t<div class=\"numb\">02<\/div>\n\t\t\t\t\t\t\t\t\t\t\n\t\t\t\t\t\n\t\t\t<\/div>\t\n\t\t<\/div>\t\t\n\n        \t\t<\/div>\n\t\t\t\t<\/div>\n\t\t\t\t\t<\/div>\n\t\t<\/div>\n\t\t\t\t<div class=\"elementor-column elementor-col-33 elementor-top-column elementor-element elementor-element-c42c258\" data-id=\"c42c258\" data-element_type=\"column\">\n\t\t\t<div class=\"elementor-widget-wrap elementor-element-populated\">\n\t\t\t\t\t\t\t\t<div class=\"elementor-element elementor-element-e136a35 elementor-widget elementor-widget-bauen-services\" data-id=\"e136a35\" data-element_type=\"widget\" data-widget_type=\"bauen-services.default\">\n\t\t\t\t<div class=\"elementor-widget-container\">\n\t\t\t\n\t\t<div class=\"sec-services services\">\t\t\n\t\t\t<div class=\"item\">\n\t\t\t    \t\n                    \t\t\t\t\t    <img decoding=\"async\" src=\"http:\/\/arohgroupe.com\/wp-content\/uploads\/2022\/12\/AURA-SEARCH-logo-seul.png\" alt=\"icon-3\"> \n\t\t\t\t\t\t\n\t\t\t\t\t\t\t\t\t\t<h5>AURA SEARCH<\/h5>\n\t\t\t\t\t\t\n\t\t\t\t\t<div class=\"line\"><\/div>\n\t\t\t\t\t\t\t\t\t\t<p><p style=\"text-align: justify;\"><span style=\"color: #000000;\">AURA SEARCH est notre marque d\u00e9di\u00e9e au recrutement \u00ab global sourcing \u00bb.<\/span><\/p><p>\u00a0<\/p><p style=\"text-align: justify;\"><em><span style=\"color: #000000;\"><a style=\"color: #000000;\" href=\"http:\/\/www.aura-search.com\">www.aura-search.com<\/a><\/span><\/em><\/p><\/p>\n\t\t\t\t\t\t\n\t\t\t\t\t\t\t\t\t\t<div class=\"numb\">03<\/div>\n\t\t\t\t\t\t\t\t\t\t\n\t\t\t\t\t\n\t\t\t<\/div>\t\n\t\t<\/div>\t\t\n\n        \t\t<\/div>\n\t\t\t\t<\/div>\n\t\t\t\t\t<\/div>\n\t\t<\/div>\n\t\t\t\t\t\t\t<\/div>\n\t\t<\/section>\n\t\t\t\t<section class=\"elementor-section elementor-top-section elementor-element elementor-element-75cb287 elementor-section-height-min-height elementor-section-content-middle elementor-section-boxed elementor-section-height-default elementor-section-items-middle\" data-id=\"75cb287\" data-element_type=\"section\" data-settings=\"{&quot;background_background&quot;:&quot;classic&quot;}\">\n\t\t\t\t\t\t\t<div class=\"elementor-background-overlay\"><\/div>\n\t\t\t\t\t\t\t<div class=\"elementor-container elementor-column-gap-no\">\n\t\t\t\t\t<div class=\"elementor-column elementor-col-50 elementor-top-column elementor-element elementor-element-420fd26\" data-id=\"420fd26\" data-element_type=\"column\">\n\t\t\t<div class=\"elementor-widget-wrap elementor-element-populated\">\n\t\t\t\t\t\t\t\t<div class=\"elementor-element elementor-element-6cb238b e-transform elementor-widget elementor-widget-bauen-title\" data-id=\"6cb238b\" data-element_type=\"widget\" data-settings=\"{&quot;_transform_skewX_effect&quot;:{&quot;unit&quot;:&quot;px&quot;,&quot;size&quot;:&quot;&quot;,&quot;sizes&quot;:[]},&quot;_transform_skewX_effect_tablet&quot;:{&quot;unit&quot;:&quot;px&quot;,&quot;size&quot;:&quot;&quot;,&quot;sizes&quot;:[]},&quot;_transform_skewX_effect_mobile&quot;:{&quot;unit&quot;:&quot;px&quot;,&quot;size&quot;:&quot;&quot;,&quot;sizes&quot;:[]},&quot;_transform_skewY_effect&quot;:{&quot;unit&quot;:&quot;px&quot;,&quot;size&quot;:&quot;&quot;,&quot;sizes&quot;:[]},&quot;_transform_skewY_effect_tablet&quot;:{&quot;unit&quot;:&quot;px&quot;,&quot;size&quot;:&quot;&quot;,&quot;sizes&quot;:[]},&quot;_transform_skewY_effect_mobile&quot;:{&quot;unit&quot;:&quot;px&quot;,&quot;size&quot;:&quot;&quot;,&quot;sizes&quot;:[]}}\" data-widget_type=\"bauen-title.default\">\n\t\t\t\t<div class=\"elementor-widget-container\">\n\t\t\t\t\t\n\t\t\t\n\t\t\t\t\t\t<h2 class=\"section-title text-left\">Le Groupe \nAROH<\/h2>\n\t\t\t\t\n\t\t\t\t\t\t<p><p><span style=\"color: #ffffff;\">AROH GROUPE accompagne les PME, ETI et Grandes entreprises dans leurs projets de croissance \u00e0 travers deux m\u00e9tiers que sont le Recrutement et le Conseil en Fusion &amp; Acquisition.<\/span><\/p><p style=\"text-align: right;\">\u00a0<\/p><\/p>\n\t\t\t\t\n        \n\t\t\t\n        \t\t<\/div>\n\t\t\t\t<\/div>\n\t\t\t\t\t<\/div>\n\t\t<\/div>\n\t\t\t\t<div class=\"elementor-column elementor-col-50 elementor-top-column elementor-element elementor-element-1856766\" data-id=\"1856766\" data-element_type=\"column\">\n\t\t\t<div class=\"elementor-widget-wrap elementor-element-populated\">\n\t\t\t\t\t\t\t\t<div class=\"elementor-element elementor-element-f33e830 elementor-align-center elementor-widget elementor-widget-button\" data-id=\"f33e830\" data-element_type=\"widget\" data-widget_type=\"button.default\">\n\t\t\t\t<div class=\"elementor-widget-container\">\n\t\t\t\t\t<div class=\"elementor-button-wrapper\">\n\t\t\t<a href=\"http:\/\/arohgroupe.com\/?page_id=110\" class=\"elementor-button-link elementor-button elementor-size-xl\" role=\"button\">\n\t\t\t\t\t\t<span class=\"elementor-button-content-wrapper\">\n\t\t\t\t\t\t<span class=\"elementor-button-text\">NOUS CONTACTER<\/span>\n\t\t<\/span>\n\t\t\t\t\t<\/a>\n\t\t<\/div>\n\t\t\t\t<\/div>\n\t\t\t\t<\/div>\n\t\t\t\t\t<\/div>\n\t\t<\/div>\n\t\t\t\t\t\t\t<\/div>\n\t\t<\/section>\n\t\t\t\t\t\t\t<\/div>\n\t\t","protected":false},"excerpt":{"rendered":"<p>AROH GROUPE LES MARQUES DU GROUPE AROH EXECUTIVE AROH EXECUTIVE est notre marque d\u00e9di\u00e9e au recrutement de profils cadres dirigeants et hauts potentiels. \u00a0 www.arohexecutive.com 01 DPM &#038; ASSOCI\u00c9S DPM &amp; ASSOCI\u00c9S est notre marque d\u00e9di\u00e9e au conseil en Fusion &amp; Acquisition. www.dpmassocies.com 04 AROH CONSEIL AROH CONSEIL est notre marque d\u00e9di\u00e9e au recrutement par \u00ab approche directe \u00bb. \u00a0&#8230;<\/p>\n","protected":false},"author":1,"featured_media":0,"parent":0,"menu_order":0,"comment_status":"closed","ping_status":"closed","template":"","meta":{"_monsterinsights_skip_tracking":false,"_monsterinsights_sitenote_active":false,"_monsterinsights_sitenote_note":"","_monsterinsights_sitenote_category":0,"footnotes":"","_links_to":"","_links_to_target":""},"class_list":["post-61","page","type-page","status-publish","hentry"],"_links":{"self":[{"href":"https:\/\/arohgroupe.com\/index.php?rest_route=\/wp\/v2\/pages\/61","targetHints":{"allow":["GET"]}}],"collection":[{"href":"https:\/\/arohgroupe.com\/index.php?rest_route=\/wp\/v2\/pages"}],"about":[{"href":"https:\/\/arohgroupe.com\/index.php?rest_route=\/wp\/v2\/types\/page"}],"author":[{"embeddable":true,"href":"https:\/\/arohgroupe.com\/index.php?rest_route=\/wp\/v2\/users\/1"}],"replies":[{"embeddable":true,"href":"https:\/\/arohgroupe.com\/index.php?rest_route=%2Fwp%2Fv2%2Fcomments&post=61"}],"version-history":[{"count":104,"href":"https:\/\/arohgroupe.com\/index.php?rest_route=\/wp\/v2\/pages\/61\/revisions"}],"predecessor-version":[{"id":3476,"href":"https:\/\/arohgroupe.com\/index.php?rest_route=\/wp\/v2\/pages\/61\/revisions\/3476"}],"wp:attachment":[{"href":"https:\/\/arohgroupe.com\/index.php?rest_route=%2Fwp%2Fv2%2Fmedia&parent=61"}],"curies":[{"name":"wp","href":"https:\/\/api.w.org\/{rel}","templated":true}]}}